60 is divided by 13?
3
Calculate the remainder when 13684 is divided by 133.
118
What is the remainder when 36977 is divided by 202?
11
What is the remainder when 935 is divided by 150?
35
Calculate the remainder when 1481 is divided by 65.
51
Calculate the remainder when 7962 is divided by 762.
342
Calculate the remainder when 11767 is divided by 115.
37
Calculate the remainder when 4904 is divided by 88.
64
Calculate the remainder when 2174336 is divided by 297.
296
Calculate the remainder when 65565 is divided by 1336.
101
What is the remainder when 5195 is divided by 104?
99
What is the remainder when 78714 is divided by 2915?
9
What is the remainder when 18376 is divided by 288?
232
Calculate the remainder when 3808 is divided by 2978.
830
What is the remainder when 2937 is divided by 71?
26
What is the remainder when 878 is divided by 98?
94
Calculate the remainder when 57254 is divided by 940.
854
What is the remainder when 26616 is divided by 32?
24
What is the remainder when 1421 is divided by 182?
147
What is the remainder when 31720 is divided by 14?
10
What is the remainder when 1834 is divided by 92?
86
What is the remainder when 229161 is divided by 39?
36
What is the remainder when 3338 is divided by 1103?
29
What is the remainder when 424 is divided by 172?
80
Calculate the remainder when 1427 is divided by 161.
139
Calculate the remainder when 3955 is divided by 1966.
23
Calculate the remainder when 1645 is divided by 497.
154
Calculate the remainder when 9008 is divided by 1089.
296
Calculate the remainder when 61863 is divided by 44.
43
Calculate the remainder when 21468 is divided by 10731.
6
What is the remainder when 2816 is divided by 1122?
572
What is the remainder when 11435 is divided by 590?
225
What is the remainder when 13932 is divided by 4597?
141
Calculate the remainder when 28649 is divided by 209.
16
What is the remainder when 14890 is divided by 87?
13
What is the remainder when 11464 is divided by 1624?
96
Calculate the remainder when 21453 is divided by 6.
3
Calculate the remainder when 7274 is divided by 1203.
56
What is the remainder when 290263 is divided by 303?
292
Calculate the remainder when 51118 is divided by 109.
106
Calculate the remainder when 8936 is divided by 1104.
104
Calculate the remainder when 34278 is divided by 519.
24
What is the remainder when 3955 is divided by 665?
630
Calculate the remainder when 154358 is divided by 596.
590
Calculate the remainder when 462267 is divided by 204.
3
What is the remainder when 3868 is divided by 314?
100
What is the remainder when 88324 is divided by 88219?
105
What is the remainder when 101003 is divided by 81?
77
Calculate the remainder when 1878 is divided by 589.
111
Calculate the remainder when 13108 is divided by 10.
8
Calculate the remainder when 2060 is divided by 261.
233
Calculate the remainder when 6063 is divided by 6052.
11
What is the remainder when 466 is divided by 110?
26
What is the remainder when 7359 is divided by 2441?
36
What is the remainder when 11808 is divided by 30?
18
What is the remainder when 187018 is divided by 43?
11
What is the remainder when 1692 is divided by 343?
320
What is the remainder when 62719 is divided by 5225?
19
Calculate the remainder when 4259 is divided by 221.
60
What is the remainder when 211343 is divided by 48?
47
Calculate the remainder when 43009 is divided by 199.
25
Calculate the remainder when 88620 is divided by 1321.
113
Calculate the remainder when 60875 is divided by 108.
71
What is the remainder when 95234 is divided by 27?
5
Calculate the remainder when 4842 is divided by 30.
12
What is the remainder when 1533573 is divided by 66?
63
Calculate the remainder when 2528360 is divided by 47.
42
What is the remainder when 366 is divided by 201?
165
What is the remainder when 2005 is divided by 160?
85
Calculate the remainder when 2218999 is divided by 634.
633
Calculate the remainder when 26196 is divided by 22.
16
Calculate the remainder when 1629995 is divided by 1000.
995
What is the remainder when 9936 is divided by 354?
24
What is the remainder when 223178 is divided by 558?
536
What is the remainder when 291520 is divided by 36?
28
What is the remainder when 1760 is divided by 383?
228
Calculate the remainder when 15816 is divided by 719.
717
Calculate the remainder when 63780 is divided by 57.
54
What is the remainder when 15694 is divided by 7828?
38
Calculate the remainder when 85559 is divided by 2036.
47
Calculate the remainder when 8489 is divided by 8362.
127
Calculate the remainder when 825 is divided by 180.
105
What is the remainder when 17025 is divided by 119?
8
Calculate the remainder when 4928 is divided by 48.
32
Calculate the remainder when 120451 is divided by 30112.
3
What is the remainder when 648 is divided by 308?
32
Calculate the remainder when 8485 is divided by 1058.
21
Calculate the remainder when 2113 is divided by 100.
13
What is the remainder when 9124 is divided by 1518?
16
What is the remainder when 13756552 is divided by 14?
12
Calculate the remainder when 16543 is divided by 92.
75
Calculate the remainder when 54166 is divided by 148.
146
What is the remainder when 52153 is divided by 696?
649
Calculate the remainder when 48313 is divided by 7.
6
What is the remainder when 1350 is divided by 641?
68
What is the remainder when 33058 is divided by 453?
442
What is the remainder when 4514 is divided by 2208?
98
What is the remainder when 795 is divided by 296?
203
Calculate the remainder when 10541 is divided by 10292.
249
Calculate the remainder when 24138 is divided by 3694.
1974
Calculate the remainder when 5562 is divided by 13.
11
Calculate the remainder when 183 is divided by 33.
18
Calculate the remainder when 9834 is divided by 51.
42
What is the remainder when 4417 is divided by 849?
172
What is the remainder when 13281 is divided by 260?
21
Calculate the remainder when 2803696 is divided by 100.
96
Calculate the remainder when 146335 is divided by 180.
175
What is the remainder when 71722 is divided by 21?
7
Calculate the remainder when 3872 is divided by 689.
427
What is the remainder when 41214 is divided by 6869?
0
What is the remainder when 8836 is divided by 1765?
11
Calculate the remainder when 4548542 is divided by 1231.
1228
Calculate the remainder when 127317 is divided by 173.
162
Calculate the remainder when 750 is divided by 433.
317
What is the remainder when 13090 is divided by 13083?
7
Calculate the remainder when 10392689 is divided by 223.
220
What is the remainder when 93713 is divided by 768?
17
What is the remainder when 1283 is divided by 692?
591
What is the remainder when 108359 is divided by 301?
300
What is the remainder when 31451 is divided by 8?
3
What is the remainder when 72609 is divided by 36300?
9
Calculate the remainder when 200085 is divided by 54.
15
Calculate the remainder when 12300 is divided by 724.
716
What is the remainder when 597 is divided by 92?
45
What is the remainder when 26275 is divided by 34?
27
What is the remainder when 1198 is divided by 381?
55
Calculate the remainder when 122 is divided by 40.
2
What is the remainder when 7303 is divided by 364?
23
What is the remainder when 484370 is divided by 52?
42
Calculate the remainder when 6277560 is divided by 31.
29
What is the remainder when 4410 is divided by 924?
714
Calculate the remainder when 1323 is divided by 340.
303
Calculate the remainder when 183195 is divided by 129.
15
Calculate the remainder when 32133 is divided by 11.
2
What is the remainder when 605397 is divided by 37?
3
Calculate the remainder when 1518 is divided by 216.
6
What is the remainder when 64173 is divided by 16008?
141
Calculate the remainder when 9848 is divided by 40.
8
What is the remainder when 9462 is divided by 28?
26
What is the remainder when 13955 is divided by 99?
95
Calculate the remainder when 35303 is divided by 1534.
21
Calculate the remainder when 5008 is divided by 555.
13
What is the remainder when 40002 is divided by 234?
222
Calculate the remainder when 13522 is divided by 108.
22
Calculate the remainder when 8666 is divided by 86.
66
Calculate the remainder when 9180 is divided by 606.
90
Calculate the remainder when 703505 is divided by 2344